{"id":31,"date":"2018-08-13T12:45:26","date_gmt":"2018-08-13T12:45:26","guid":{"rendered":"http:\/\/scherf-steuerberatung.de\/?page_id=31"},"modified":"2018-08-14T16:54:17","modified_gmt":"2018-08-14T14:54:17","slug":"jahresabschluss","status":"publish","type":"page","link":"https:\/\/scherf-steuerberatung.de\/?page_id=31","title":{"rendered":"Jahresabschluss"},"content":{"rendered":"<p><span style=\"color: #0000ff;\">Jahresabschluss<\/span><\/p>\n<ul>\n<li>Jahresabschl\u00fcsse (gegebenenfalls mit Anhang)<\/li>\n<li>Handels- und Steuerbilanzen<\/li>\n<li>Ver\u00f6ffentlichung im Unternehmensregister<\/li>\n<li>E-Bilanz<\/li>\n<li>Sonder- und Erg\u00e4nzungsbilanzen inkl. Kapitalkontenentwicklung<\/li>\n<li>Gewinn- und Verlustrechnungen<\/li>\n<li>Erl\u00e4uterungsberichte<\/li>\n<li>Einnahmen\/Ausgaben-Rechnungen<\/li>\n<\/ul>\n<p>&nbsp;<\/p>\n<p>&nbsp;<\/p>\n","protected":false},"excerpt":{"rendered":"<p>Jahresabschluss Jahresabschl\u00fcsse (gegebenenfalls mit Anhang) Handels- und Steuerbilanzen Ver\u00f6ffentlichung im Unternehmensregister E-Bilanz Sonder- und Erg\u00e4nzungsbilanzen inkl. Kapitalkontenentwicklung Gewinn- und Verlustrechnungen Erl\u00e4uterungsberichte Einnahmen\/Ausgaben-Rechnungen &nbsp; &nbsp;<\/p>\n","protected":false},"author":1,"featured_media":0,"parent":0,"menu_order":0,"comment_status":"closed","ping_status":"closed","template":"","meta":[],"_links":{"self":[{"href":"https:\/\/scherf-steuerberatung.de\/index.php?rest_route=\/wp\/v2\/pages\/31"}],"collection":[{"href":"https:\/\/scherf-steuerberatung.de\/index.php?rest_route=\/wp\/v2\/pages"}],"about":[{"href":"https:\/\/scherf-steuerberatung.de\/index.php?rest_route=\/wp\/v2\/types\/page"}],"author":[{"embeddable":true,"href":"https:\/\/scherf-steuerberatung.de\/index.php?rest_route=\/wp\/v2\/users\/1"}],"replies":[{"embeddable":true,"href":"https:\/\/scherf-steuerberatung.de\/index.php?rest_route=%2Fwp%2Fv2%2Fcomments&post=31"}],"version-history":[{"count":4,"href":"https:\/\/scherf-steuerberatung.de\/index.php?rest_route=\/wp\/v2\/pages\/31\/revisions"}],"predecessor-version":[{"id":214,"href":"https:\/\/scherf-steuerberatung.de\/index.php?rest_route=\/wp\/v2\/pages\/31\/revisions\/214"}],"wp:attachment":[{"href":"https:\/\/scherf-steuerberatung.de\/index.php?rest_route=%2Fwp%2Fv2%2Fmedia&parent=31"}],"curies":[{"name":"wp","href":"https:\/\/api.w.org\/{rel}","templated":true}]}}